uppose -5*u = 4*k - 23, 3*k - 4*u = -4 - 2. Suppose k*s - 2 = 6. Suppose s*a + 5*w - 14 = 0, 0 = -3*a - 3*w - 2*w + 8. List the prime factors of a.
2, 3
Let b(o) = 5*o**2 + 3*o + 1. Let j be b(-1). Suppose -176 = -4*m + 2*t - 34, 3*m - 105 = j*t. List the prime factors of m.
2, 3
Let b be 4/6 + 52/12. Suppose 2*g + 7 = f, -b*f + 31 + 28 = -2*g. List the prime factors of f.
13
Let t(y) = y**3 + 4*y**2 + 2*y + 1. Let s be (0 - 4/(-2))/1. Suppose -c = -4*i - 13, -c - 2 = -3*c + s*i. List the prime factors of t(c).
2
Let y = 106 - 57. List the prime factors of y.
7
Let c = 54 - 28. List the prime factors of c.
2, 13
Let a be 0 + 2 - (-1 - -1). Suppose 0 = -2*z - 2*c + 10, 3*z - a*c - 50 = -z. Let u = -6 + z. List the prime factors of u.
2
Let i be (0 + 1)*(-1 - -1). Suppose i = -q - 6 - 4. List the prime factors of ((-3)/(-1))/((-3)/q).
2, 5
Let l = 11 - 20. Let d = l - -14. List the prime factors of d.
5
Suppose 4*j + 8 - 32 = 0. Let g = 3 - j. List the prime factors of (-8)/12 - 35/g.
11
Let z(k) = 2*k**2 - 4*k + 3. Let b be z(2). Suppose -160 = -b*c - c - 5*j, 43 = c + 2*j. What are the prime factors of c?
5, 7
Let l = 18 - 7. What are the prime factors of l?
11
Let t(n) be the third derivative of -1/60*n**5 + 1/3*n**4 - 1/3*n**3 + 0*n - 3*n**2 + 0. List the prime factors of t(6).
2, 5
Let b = -387 + 708. List the prime factors of b.
3, 107
Let u be -3 + 74 + 4 + -2. Let r = 2 - 2. Suppose 5*a - 2*s - u = r, -4*a + 3*s + 63 - 6 = 0. What are the prime factors of a?
3, 5
List the prime factors of ((-6858)/(-21))/3 - 2/(-14).
109
Let v = 20 - 13. Suppose k = -5*y + 28, 0 = -v*y + 2*y + 2*k + 19. What are the prime factors of y?
5
Suppose 3 = -m + 8. Suppose m*d = k + 27, 3*k + k + 8 = 0. What are the prime factors of 196/20 + 1/d?
2, 5
Let v(f) = f**2 + 8*f + 5. Let a be v(-8). Let u = a + -8. Let d = 2 - u. List the prime factors of d.
5
Let o be 2 - ((0 - -4) + 1). Let x = 2 - o. What are the prime factors of x?
5
Suppose 5*b + 1 - 6 = 0, 0 = 4*k - 2*b - 74. List the prime factors of k.
19
List the prime factors of 6/(-2)*10/(-6).
5
Let n = 3 + -3. Let f(t) = 4 + 2*t - t + n*t. List the prime factors of f(5).
3
Suppose -4*z + 203 + 837 = 0. List the prime factors of z.
2, 5, 13
Let m = 398 + -248. What are the prime factors of m?
2, 3, 5
Let m(y) = y**3 - y**2 + y + 1. Let n(t) = -3*t**3 - 4*t**2 - 2*t - 4. Let f(w) = -2*m(w) - n(w). Let i be f(-6). What are the prime factors of i + 0 + 11*1?
13
Suppose -o + 6*o = 180. Suppose -m - 4*p = -19, 29 + o = 4*m + 5*p. List the prime factors of m.
3, 5
Let w = 3 - 2. Suppose -9 - w = -5*x. Suppose -3*k = -4*k + 1, -18 = -4*q - x*k. What are the prime factors of q?
2
Let s be 3*(6/(-9) + 0). Let x = s + 9. What are the prime factors of x?
7
Let a(s) = s**3 - 13*s**2 + 14*s - 8. What are the prime factors of a(12)?
2
Suppose 4 = 5*c - c. Suppose 5*o + 8*x = 3*x + 15, 0 = -4*o - 3*x + 13. What are the prime factors of (7 + -6)*(o - c)?
3
Let r = 10 + -6. Suppose r*b = 5*b - 23. What are the prime factors of b?
23
Let a(w) = w + 1. Let z be a(1). Suppose 2*q - 15 - 3 = 0. Suppose -o = -z*o + q. What are the prime factors of o?
3
Let x be 5 + -16 - (0 + -3). Let m(u) = -u**2 + 3*u + 4. Let q be m(5). Let f = q - x. List the prime factors of f.
2
Suppose 3*c - 2*c = 0, -5*a = 3*c + 295. Let o = -20 - a. Let m = -28 + o. What are the prime factors of m?
11
Let w be (-23)/(-5) + 12/30. Suppose 0 = 3*f - 5*f - 4*p + 18, -3*f + 62 = -p. Suppose -u + f = w. List the prime factors of u.
2, 7
Let l be 21/(-3) + (-1 - -2). Let z = l + 10. Suppose -f + 4*j - 9 = 0, z*f + 4*j = 22 + 42. What are the prime factors of f?
11
Suppose 16*h - 12*h = 536. List the prime factors of h.
2, 67
Suppose 13*p = 8*p + 115. What are the prime factors of p?
23
Suppose -k = 3*h - 15, -3*h + k = -k - 6. List the prime factors of (-399)/(-15) + h/10.
3
Suppose -4*n + 3 + 145 = 0. Let z = -25 + n. List the prime factors of z.
2, 3
Suppose -7 = -0*v + v. Let m = v - -19. Suppose 2*t = -2*t + m. List the prime factors of t.
3
Suppose -19 - 51 = -d. What are the prime factors of d?
2, 5, 7
Suppose -98 = -2*k - 8. What are the prime factors of (-10)/k + (-335)/(-9)?
37
Let i(x) = 3*x**2 - x**3 + 1 + x**2 + 4*x**2 + 2*x**3. Let j be i(-8). Let q(n) = 8*n**3 + 2*n**2 - n. List the prime factors of q(j).
3
Let u(h) = -h - 10. Let v be u(-7). Let i(t) = 3*t**2 + 3*t. Let p be i(v). Let m = p - 8. What are the prime factors of m?
2, 5
Let u(s) = s + 11. Let q be u(-9). Suppose -4 = q*d, 0 = -4*p - 3*d + 63 + 103. Suppose a = -4*j + 47 - 17, 5*j = -4*a + p. List the prime factors of j.
7
Suppose 3 + 7 = 2*t. Suppose -10 = -5*k + 3*c, 15 = -2*k + 4*c + t. List the prime factors of k.
5
Suppose 3 = 2*x + 4*l - 13, 4*l = -4*x + 24. Suppose -4*q - 4 = -4*f + 12, 4*f + x = 0. List the prime factors of (-5 - q) + 8 + 1.
3
Suppose 0 = 2*k - 5 - 3. Suppose 5*n = -k*t + 27, -t - 18 = -3*t + 2*n. What are the prime factors of t?
2
Suppose -2*x = -4*x + 2. Let m = x + 3. What are the prime factors of m?
2
Suppose 2*w + w = 0. Suppose -y - 4*y + 55 = w. List the prime factors of y.
11
What are the prime factors of 4/(-6) + 11/((-66)/(-232))?
2, 19
Let j be (6/(-4) - -1)*2. Let b = j - -4. Let h(r) = 3*r - 2. List the prime factors of h(b).
7
Let i(v) = -5 + 2*v + 0 + 4. What are the prime factors of i(5)?
3
Let q(z) = -z**2 - 4*z + 2. Let r be q(-4). Suppose -20 = -r*v - 2*v. What are the prime factors of v?
5
Let v = -10 - -13. Suppose -2 = v*o - 17. List the prime factors of o.
5
Let b be (-12)/16 - (-66)/(-8). Suppose 2*z = z - 12. What are the prime factors of b/z*(5 - -3)?
2, 3
Let j(f) = -f**3 - 2*f**2 - 2*f - 2. Let l be j(-2). Suppose z + l*z = 63. Suppose -2*k = -3*m + z, 0 = -3*m - 4*k + 1 + 2. What are the prime factors of m?
5
Let n(c) = -c**3 - 7*c**2 + c + 10. Let r be n(-7). Suppose -2 = 4*o + 6, 4*o = r*m + 16. Let a = 17 + m. What are the prime factors of a?
3
Let f be (-8)/(-8) + (7 - 0). What are the prime factors of 42/f - 9/(-12)?
2, 3
Suppose -m - j + 889 = 2*m, -m + 3*j = -283. What are the prime factors of m?
5, 59
Let j = 4 - -1. Suppose 0 = -5*v + 25 + 30. Let c = v - j. What are the prime factors of c?
2, 3
Let u(v) = -v**3 + 4*v**2 + 3. Let m be u(4). Suppose 4*j - 3 = m*j. Suppose -19 - 2 = -j*c. List the prime factors of c.
7
Let b(o) = o**3 + 0*o + 14 - 10*o**2 + 2*o - 2*o. What are the prime factors of b(10)?
2, 7
Let r(f) = -6*f - 4. Let o be r(-2). List the prime factors of 46 - o/(-6)*-3.
2, 3, 7
Suppose 0 = -5*o - 6*r + r + 10, -4*r = 2*o. Suppose 51 = o*y - v, y - 29 = -0*v - 3*v. What are the prime factors of y?
2, 7
Let k = 322 - 219. What are the prime factors of k?
103
Suppose -15 = -3*y + 75. What are the prime factors of y?
2, 3, 5
Let k be -1 + (162/2)/(-3). What are the prime factors of (36/(-24))/(3/k)?
2, 7
Let g(o) be the first derivative of o**5/15 + o**3/6 - o**2 + 4. Let y(q) be the second derivative of g(q). List the prime factors of y(-1).
5
Let m be ((-6)/(-2))/(6/20). Let b = 1 - m. List the prime factors of (b/4)/((-1)/4).
3
Suppose -1 = -3*w + 2. What are the prime factors of w/(1 + (-8)/9)?
3
Suppose -3*k - 4*g - 284 = 0, -2*k - 131 - 53 = 4*g. List the prime factors of -5*5/(k/56).
2, 7
Suppose -3*u - 5*c = -73, -4*u = u + c - 151. What are the prime factors of u?
31
Suppose -4*d - 2*t + 500 = -474, -5*d - 5*t + 1215 = 0. What are the prime factors of d?
2, 61
Suppose -4*l - 40 = -9*l - 5*p, 2*p = 3*l - 34. Let a be (-4)/(-5)*l/4. Suppose -13 = -3*n + a*n. What are the prime factors of n?
13
Suppose 2*a + 7 + 3 = 0. What are the prime factors of (a + 17)/((-3)/(-2))?
2
Let u(g) = -g**3 - 2*g**2 - g - 2. Let n be u(-2). Suppose -3*m - 2*m + q - 15 = n, m - 3*q + 17 = 0. List the prime factors of 86/10 + m/(-5).
3
Let d(j) be the first derivative of j**3/3 - 7*j**2 - 3*j + 5. What are the prime factors of d(15)?
2, 3
Let f(j) = 3*j - 13. Let v(t) = -t**3 + 6*t**2 - 5*t - 1. Let q be v(4). What are the prime factors of f(q)?
2, 5
Suppose -5*f = -3*f + 6. Let h = 10 + f. List the prime factors of h.
7
Let a = -48 - -68. List the prime factors of a.
2, 5
Let y be -1*10*11/(-2). Suppose -y = -9*j + 4*j. List the prime factors of j.
11
Let o(r) = r**2 - 6*r + 7. Let m be o(5). Suppose 3*v - 10 = m*v. Li